ighest common factor of 1573 and 847.
121
Calculate the greatest common divisor of 1284 and 3103.
107
What is the greatest common divisor of 204886 and 198?
22
What is the greatest common factor of 33 and 166650?
33
Calculate the greatest common factor of 595460 and 3610.
190
Calculate the greatest common factor of 108458 and 5978.
854
What is the greatest common factor of 10637 and 88?
11
Calculate the highest common divisor of 525 and 13245.
15
Calculate the greatest common divisor of 117 and 26741.
13
What is the greatest common divisor of 14 and 8281?
7
What is the greatest common factor of 96 and 1070304?
96
Calculate the highest common divisor of 525 and 62025.
75
What is the highest common factor of 49 and 457373?
7
What is the greatest common factor of 609 and 34839?
21
What is the highest common factor of 11644 and 328?
164
What is the highest common factor of 1 and 50002?
1
Calculate the highest common factor of 260 and 7130.
10
What is the highest common divisor of 1234 and 552832?
1234
Calculate the highest common divisor of 560 and 756.
28
Calculate the highest common factor of 1080 and 21816.
216
Calculate the highest common divisor of 58895 and 55.
5
Calculate the highest common factor of 1056 and 194436.
132
What is the highest common factor of 73962 and 72?
18
Calculate the greatest common factor of 3402 and 4746.
42
What is the highest common factor of 1106 and 2498?
2
What is the highest common factor of 45 and 2265?
15
What is the greatest common factor of 181624 and 5909?
311
What is the greatest common factor of 120210 and 570?
30
What is the greatest common factor of 1210 and 34848?
242
Calculate the highest common factor of 4 and 570110.
2
What is the greatest common factor of 39123 and 161?
161
What is the greatest common divisor of 10494 and 155078?
1166
What is the greatest common factor of 3140 and 530?
10
What is the greatest common divisor of 895881 and 1554?
777
What is the greatest common divisor of 1017 and 22826?
113
What is the greatest common divisor of 7 and 385126?
7
Calculate the greatest common divisor of 145 and 797645.
145
Calculate the greatest common factor of 5180518 and 74.
74
What is the highest common divisor of 42626 and 48?
2
What is the highest common factor of 77 and 65835?
77
What is the highest common divisor of 41032 and 669?
223
Calculate the greatest common factor of 1883 and 826.
7
What is the greatest common factor of 423928 and 304?
152
What is the highest common factor of 5082 and 17017?
77
Calculate the greatest common divisor of 21253 and 159.
53
Calculate the greatest common factor of 258 and 688.
86
What is the highest common factor of 253 and 209?
11
What is the greatest common factor of 207 and 8303?
23
What is the highest common factor of 1377 and 136?
17
What is the highest common divisor of 5992 and 214856?
856
What is the greatest common divisor of 9 and 983655?
9
What is the highest common factor of 5830 and 495?
55
Calculate the greatest common divisor of 136770 and 188.
94
What is the highest common factor of 31050 and 150?
150
Calculate the greatest common factor of 852632 and 176.
88
What is the greatest common divisor of 10498 and 6878?
362
Calculate the greatest common factor of 1925 and 38350.
25
Calculate the greatest common factor of 2165567 and 31.
31
What is the greatest common factor of 7164 and 40198?
398
What is the greatest common divisor of 2430 and 3495?
15
What is the greatest common divisor of 2000 and 48?
16
Calculate the greatest common divisor of 4693 and 81757.
247
What is the highest common divisor of 6517 and 5054?
133
What is the highest common divisor of 99921 and 57?
57
What is the highest common factor of 320 and 680?
40
What is the greatest common divisor of 13 and 67457?
13
What is the highest common factor of 270 and 958500?
270
What is the greatest common factor of 46011 and 24727?
313
What is the highest common factor of 141093 and 1647?
549
What is the highest common divisor of 25332 and 24?
12
What is the highest common divisor of 1539 and 2390580?
513
What is the greatest common divisor of 1759626 and 44?
22
Calculate the greatest common factor of 89573 and 4488.
187
Calculate the highest common divisor of 400 and 25050.
50
What is the highest common factor of 483 and 7350?
21
What is the highest common factor of 10 and 357965?
5
Calculate the highest common factor of 198275 and 206.
103
What is the greatest common factor of 7208 and 680?
136
Calculate the greatest common divisor of 1377 and 470016.
459
What is the highest common factor of 21 and 199395?
21
What is the highest common factor of 139120 and 10?
10
Calculate the highest common factor of 4307 and 7081.
73
What is the greatest common factor of 38722 and 5092?
38
What is the highest common factor of 23 and 551011?
23
Calculate the highest common divisor of 288 and 3738816.
288
Calculate the greatest common factor of 68401 and 146.
73
Calculate the highest common factor of 12616 and 9728.
152
What is the greatest common factor of 48745 and 35?
5
Calculate the highest common factor of 24092 and 2299.
19
What is the greatest common factor of 2903483 and 22?
11
Calculate the greatest common factor of 20448 and 74520.
72
Calculate the highest common factor of 12 and 183132.
12
Calculate the greatest common divisor of 13812860 and 332.
332
Calculate the highest common divisor of 5187 and 13.
13
What is the greatest common divisor of 32168 and 16?
8
What is the highest common factor of 5 and 53155?
5
Calculate the greatest common divisor of 41 and 128781.
41
Calculate the highest common factor of 13408360 and 40.
40
Calculate the greatest common factor of 240 and 50480.
80
Calculate the highest common divisor of 5830 and 2862.
106
Calculate the greatest common factor of 378 and 312375.
21
Calculate the greatest common divisor of 8142 and 966.
138
Calculate the greatest common divisor of 10280 and 13621.
257
Calculate the greatest common factor of 24 and 8493.
3
What is the greatest common divisor of 26499 and 48?
3
Calculate the highest common divisor of 61793 and 244.
61
What is the greatest common factor of 124776 and 54?
18
What is the greatest common factor of 153955 and 656?
41
What is the highest common divisor of 55200 and 185150?
1150
Calculate the highest common factor of 903 and 5117.
301
Calculate the highest common divisor of 45 and 330405.
15
Calculate the greatest common factor of 110262 and 1020.
102
What is the highest common divisor of 227 and 6240911?
227
Calculate the greatest common factor of 16783 and 325.
13
Calculate the greatest common factor of 1750 and 1260.
70
What is the highest common factor of 360 and 39080?
40
Calculate the highest common divisor of 308 and 13888.
28
What is the greatest common factor of 882 and 2556?
18
Calculate the highest common factor of 3260 and 20.
20
What is the greatest common divisor of 5456 and 4696252?
1364
Calculate the greatest common factor of 702 and 94302.
234
Calculate the highest common factor of 10 and 238885.
5
What is the greatest common factor of 713 and 747937?
713
What is the greatest common divisor of 66432 and 1408?
128
Calculate the highest common divisor of 231 and 59213.
77
Calculate the highest common factor of 44 and 1008018.
22
Calculate the greatest common factor of 118372 and 808.
404
Calculate the highest common divisor of 109503 and 1035.
207
Calculate the highest common divisor of 359504 and 64.
16
What is the highest common factor of 322582 and 152?
38
What is the greatest common factor of 7024 and 12731?
439
Calculate the highest common factor of 275972 and 12.
4
What is the greatest common divisor of 1997824 and 4?
4
Calculate the greatest common factor of 172332 and 12.
12
Calculate the greatest common divisor of 410896 and 61.
61
Calculate the highest common factor of 530 and 32012.
106
What is the highest common factor of 145 and 16795?
5
Calculate the highest common factor of 18600 and 3348.
372
What is the highest common divisor of 26971 and 14?
7
What is the greatest common factor of 13694 and 205?
41
Calculate the greatest common factor of 868 and 3388.
28
Calculate the highest common divisor of 3510 and 190.
10
What is the highest common divisor of 84 and 18186?
42
What is the greate